{"id":396,"date":"2022-09-01T09:37:38","date_gmt":"2022-09-01T09:37:38","guid":{"rendered":"https:\/\/www.maximerochat.ch\/chalet\/?page_id=396"},"modified":"2022-09-01T20:33:12","modified_gmt":"2022-09-01T20:33:12","slug":"check-out","status":"publish","type":"page","link":"https:\/\/www.maximerochat.ch\/chalet\/check-out\/","title":{"rendered":"Check-Out"},"content":{"rendered":"\t\t<div data-elementor-type=\"wp-page\" data-elementor-id=\"396\" class=\"elementor elementor-396\">\n\t\t\t\t\t\t\t\t\t<section class=\"elementor-section elementor-top-section elementor-element elementor-element-7dd37b5 elementor-section-height-min-height elementor-section-boxed elementor-section-height-default elementor-section-items-middle\" data-id=\"7dd37b5\" data-element_type=\"section\" data-settings=\"{&quot;background_background&quot;:&quot;classic&quot;}\">\n\t\t\t\t\t\t\t<div class=\"elementor-background-overlay\"><\/div>\n\t\t\t\t\t\t\t<div class=\"elementor-container elementor-column-gap-default\">\n\t\t\t\t\t<div class=\"elementor-column elementor-col-100 elementor-top-column elementor-element elementor-element-b937dfc\" data-id=\"b937dfc\" data-element_type=\"column\">\n\t\t\t<div class=\"elementor-widget-wrap elementor-element-populated\">\n\t\t\t\t\t\t\t\t<div class=\"elementor-element elementor-element-be24a33 elementor-invisible elementor-widget elementor-widget-heading\" data-id=\"be24a33\" data-element_type=\"widget\" data-settings=\"{&quot;_animation&quot;:&quot;fadeInDown&quot;,&quot;_animation_tablet&quot;:&quot;fadeInLeft&quot;}\" data-widget_type=\"heading.default\">\n\t\t\t\t<div class=\"elementor-widget-container\">\n\t\t\t<style>\/*! elementor - v3.7.3 - 29-08-2022 *\/\n.elementor-heading-title{padding:0;margin:0;line-height:1}.elementor-widget-heading .elementor-heading-title[class*=elementor-size-]>a{color:inherit;font-size:inherit;line-height:inherit}.elementor-widget-heading .elementor-heading-title.elementor-size-small{font-size:15px}.elementor-widget-heading .elementor-heading-title.elementor-size-medium{font-size:19px}.elementor-widget-heading .elementor-heading-title.elementor-size-large{font-size:29px}.elementor-widget-heading .elementor-heading-title.elementor-size-xl{font-size:39px}.elementor-widget-heading .elementor-heading-title.elementor-size-xxl{font-size:59px}<\/style><h1 class=\"elementor-heading-title elementor-size-default\">Check Out<\/h1>\t\t<\/div>\n\t\t\t\t<\/div>\n\t\t\t\t\t<\/div>\n\t\t<\/div>\n\t\t\t\t\t\t\t<\/div>\n\t\t<\/section>\n\t\t\t\t<section class=\"elementor-section elementor-top-section elementor-element elementor-element-0cb9128 elementor-section-boxed elementor-section-height-default elementor-section-height-default\" data-id=\"0cb9128\" data-element_type=\"section\">\n\t\t\t\t\t\t<div class=\"elementor-container elementor-column-gap-default\">\n\t\t\t\t\t<div class=\"elementor-column elementor-col-50 elementor-top-column elementor-element elementor-element-3b180a7 elementor-invisible\" data-id=\"3b180a7\" data-element_type=\"column\" data-settings=\"{&quot;animation&quot;:&quot;fadeInLeft&quot;}\">\n\t\t\t<div class=\"elementor-widget-wrap elementor-element-populated\">\n\t\t\t\t\t\t\t\t<div class=\"elementor-element elementor-element-a0cd9af elementor-widget elementor-widget-text-editor\" data-id=\"a0cd9af\" data-element_type=\"widget\" data-widget_type=\"text-editor.default\">\n\t\t\t\t<div class=\"elementor-widget-container\">\n\t\t\t<style>\/*! elementor - v3.7.3 - 29-08-2022 *\/\n.elementor-widget-text-editor.elementor-drop-cap-view-stacked .elementor-drop-cap{background-color:#818a91;color:#fff}.elementor-widget-text-editor.elementor-drop-cap-view-framed .elementor-drop-cap{color:#818a91;border:3px solid;background-color:transparent}.elementor-widget-text-editor:not(.elementor-drop-cap-view-default) .elementor-drop-cap{margin-top:8px}.elementor-widget-text-editor:not(.elementor-drop-cap-view-default) .elementor-drop-cap-letter{width:1em;height:1em}.elementor-widget-text-editor .elementor-drop-cap{float:left;text-align:center;line-height:1;font-size:50px}.elementor-widget-text-editor .elementor-drop-cap-letter{display:inline-block}<\/style>\t\t\t\t<h2>D\u00e9part du chalet<\/h2><p>Dommage, il est d\u00e9j\u00e0 temps de partir ! Nous esp\u00e9rons que vous avez fait bon g\u00eete au mayen des Ecureuils. Avant de partir, nous vous demandons de suivre les quelques points qui suivent afin d&rsquo;\u00e9viter tout probl\u00e8me.<\/p>\t\t\t\t\t\t<\/div>\n\t\t\t\t<\/div>\n\t\t\t\t<div class=\"elementor-element elementor-element-a852dbd elementor-widget elementor-widget-image\" data-id=\"a852dbd\" data-element_type=\"widget\" data-widget_type=\"image.default\">\n\t\t\t\t<div class=\"elementor-widget-container\">\n\t\t\t<style>\/*! elementor - v3.7.3 - 29-08-2022 *\/\n.elementor-widget-image{text-align:center}.elementor-widget-image a{display:inline-block}.elementor-widget-image a img[src$=\".svg\"]{width:48px}.elementor-widget-image img{vertical-align:middle;display:inline-block}<\/style>\t\t\t\t\t\t\t\t\t\t\t\t<img loading=\"lazy\" decoding=\"async\" width=\"768\" height=\"768\" src=\"https:\/\/www.maximerochat.ch\/chalet\/wp-content\/uploads\/2022\/09\/IMG-20211023-WA0030-768x768.jpg\" class=\"attachment-medium_large size-medium_large\" alt=\"\" srcset=\"https:\/\/www.maximerochat.ch\/chalet\/wp-content\/uploads\/2022\/09\/IMG-20211023-WA0030-768x768.jpg 768w, https:\/\/www.maximerochat.ch\/chalet\/wp-content\/uploads\/2022\/09\/IMG-20211023-WA0030-300x300.jpg 300w, https:\/\/www.maximerochat.ch\/chalet\/wp-content\/uploads\/2022\/09\/IMG-20211023-WA0030-1024x1024.jpg 1024w, https:\/\/www.maximerochat.ch\/chalet\/wp-content\/uploads\/2022\/09\/IMG-20211023-WA0030-150x150.jpg 150w\" sizes=\"auto, (max-width: 768px) 100vw, 768px\" \/>\t\t\t\t\t\t\t\t\t\t\t\t\t\t\t<\/div>\n\t\t\t\t<\/div>\n\t\t\t\t\t<\/div>\n\t\t<\/div>\n\t\t\t\t<div class=\"elementor-column elementor-col-50 elementor-top-column elementor-element elementor-element-207f706 elementor-invisible\" data-id=\"207f706\" data-element_type=\"column\" data-settings=\"{&quot;animation&quot;:&quot;fadeInRight&quot;}\">\n\t\t\t<div class=\"elementor-widget-wrap elementor-element-populated\">\n\t\t\t\t\t\t\t\t<div class=\"elementor-element elementor-element-4e1c2ad elementor-widget elementor-widget-text-editor\" data-id=\"4e1c2ad\" data-element_type=\"widget\" data-widget_type=\"text-editor.default\">\n\t\t\t\t<div class=\"elementor-widget-container\">\n\t\t\t\t\t\t\t<h3>Check list<\/h3>\n<h3>\u00a0<\/h3>\n<p>\u00a01. Eteindre les chauffages<img loading=\"lazy\" decoding=\"async\" class=\"alignright wp-image-443\" src=\"https:\/\/www.maximerochat.ch\/chalet\/wp-content\/uploads\/2022\/09\/radiator.png\" alt=\"radiator_icon\" width=\"75\" height=\"75\" srcset=\"https:\/\/www.maximerochat.ch\/chalet\/wp-content\/uploads\/2022\/09\/radiator.png 128w, https:\/\/www.maximerochat.ch\/chalet\/wp-content\/uploads\/2022\/09\/elementor\/thumbs\/radiator-pu494zuwdvm99wxuh4p9072skm0vg54jwhmq62s02i.png 74w\" sizes=\"auto, (max-width: 75px) 100vw, 75px\" \/> (chambres, salle de bain), le chauffage du salon est g\u00e9r\u00e9 \u00e0 distance par une application.<\/p>\n<p>2. V\u00e9rifier que les plaques de cuisson sont \u00e9teintes<\/p>\n<p>3. Eteindre le boiler (mettre <img loading=\"lazy\" decoding=\"async\" class=\"alignright wp-image-444\" src=\"https:\/\/www.maximerochat.ch\/chalet\/wp-content\/uploads\/2022\/09\/power-off.png\" alt=\"power_off_icon\" width=\"75\" height=\"75\" srcset=\"https:\/\/www.maximerochat.ch\/chalet\/wp-content\/uploads\/2022\/09\/power-off.png 128w, https:\/\/www.maximerochat.ch\/chalet\/wp-content\/uploads\/2022\/09\/elementor\/thumbs\/power-off-pu49f4ka15p5hswzx2xb55eyga17qg15snd1qcptsq.png 73w\" sizes=\"auto, (max-width: 75px) 100vw, 75px\" \/>sur 0) \u00e0 l\u2019\u00e9curie (ou dans la chambre en haut (selon discussion avec nous)<\/p>\n<p>4. Fermer la cave et remettre la cl\u00e9 \u00e0 la cuisine<br \/>fermer l\u2019\u00e9curie, remettre le cadenas et la cl\u00e9 au-dessus sur la poutre<\/p>\n<p>5. Eteindre le frigo, et le laisser entre-ouvert (sinon moisissures)\u00a0\u00a0\u00a0<\/p>\n<p>6. Ne pas oublier la poubelle <img loading=\"lazy\" decoding=\"async\" class=\"size-full wp-image-746 alignright\" src=\"https:\/\/www.maximerochat.ch\/chalet\/wp-content\/uploads\/2022\/09\/trash-1.png\" alt=\"\" width=\"64\" height=\"64\" \/>(moloch en bas de la route de montagne et une d\u00e9chetterie en libre acc\u00e8s en sortant d\u2019H\u00e9r\u00e9mence pour le verre, papier, etc.)<\/p>\t\t\t\t\t\t<\/div>\n\t\t\t\t<\/div>\n\t\t\t\t<section class=\"elementor-section elementor-inner-section elementor-element elementor-element-15ab67d elementor-section-boxed elementor-section-height-default elementor-section-height-default\" data-id=\"15ab67d\" data-element_type=\"section\">\n\t\t\t\t\t\t<div class=\"elementor-container elementor-column-gap-default\">\n\t\t\t\t\t<div class=\"elementor-column elementor-col-100 elementor-inner-column elementor-element elementor-element-c1a4e7a\" data-id=\"c1a4e7a\" data-element_type=\"column\">\n\t\t\t<div class=\"elementor-widget-wrap\">\n\t\t\t\t\t\t\t\t\t<\/div>\n\t\t<\/div>\n\t\t\t\t\t\t\t<\/div>\n\t\t<\/section>\n\t\t\t\t\t<\/div>\n\t\t<\/div>\n\t\t\t\t\t\t\t<\/div>\n\t\t<\/section>\n\t\t\t\t<section class=\"elementor-section elementor-top-section elementor-element elementor-element-def0325 elementor-section-height-min-height elementor-section-boxed elementor-section-height-default elementor-section-items-middle\" data-id=\"def0325\" data-element_type=\"section\" data-settings=\"{&quot;background_background&quot;:&quot;classic&quot;}\">\n\t\t\t\t\t\t<div class=\"elementor-container elementor-column-gap-default\">\n\t\t\t\t\t<div class=\"elementor-column elementor-col-100 elementor-top-column elementor-element elementor-element-5109b1b\" data-id=\"5109b1b\" data-element_type=\"column\">\n\t\t\t<div class=\"elementor-widget-wrap\">\n\t\t\t\t\t\t\t\t\t<\/div>\n\t\t<\/div>\n\t\t\t\t\t\t\t<\/div>\n\t\t<\/section>\n\t\t\t\t\t\t\t<\/div>\n\t\t","protected":false},"excerpt":{"rendered":"<p>Check Out D\u00e9part du chalet Dommage, il est d\u00e9j\u00e0 temps de partir ! Nous esp\u00e9rons que vous avez fait bon g\u00eete au mayen des Ecureuils. Avant de partir, nous vous demandons de suivre les quelques points qui suivent afin d&rsquo;\u00e9viter tout probl\u00e8me. Check list \u00a0 \u00a01. Eteindre les chauffages (chambres, salle de bain), le chauffage &hellip;<\/p>\n<p class=\"read-more\"> <a class=\"\" href=\"https:\/\/www.maximerochat.ch\/chalet\/check-out\/\"> <span class=\"screen-reader-text\">Check-Out<\/span> Lire la suite\u00a0\u00bb<\/a><\/p>\n","protected":false},"author":1,"featured_media":0,"parent":0,"menu_order":0,"comment_status":"closed","ping_status":"closed","template":"","meta":{"site-sidebar-layout":"no-sidebar","site-content-layout":"page-builder","ast-global-header-display":"","ast-main-header-display":"","ast-hfb-above-header-display":"","ast-hfb-below-header-display":"","ast-hfb-mobile-header-display":"","site-post-title":"disabled","ast-breadcrumbs-content":"","ast-featured-img":"disabled","footer-sml-layout":"","theme-transparent-header-meta":"","adv-header-id-meta":"","stick-header-meta":"","header-above-stick-meta":"","header-main-stick-meta":"","header-below-stick-meta":"","footnotes":""},"class_list":["post-396","page","type-page","status-publish","hentry"],"_links":{"self":[{"href":"https:\/\/www.maximerochat.ch\/chalet\/wp-json\/wp\/v2\/pages\/396","targetHints":{"allow":["GET"]}}],"collection":[{"href":"https:\/\/www.maximerochat.ch\/chalet\/wp-json\/wp\/v2\/pages"}],"about":[{"href":"https:\/\/www.maximerochat.ch\/chalet\/wp-json\/wp\/v2\/types\/page"}],"author":[{"embeddable":true,"href":"https:\/\/www.maximerochat.ch\/chalet\/wp-json\/wp\/v2\/users\/1"}],"replies":[{"embeddable":true,"href":"https:\/\/www.maximerochat.ch\/chalet\/wp-json\/wp\/v2\/comments?post=396"}],"version-history":[{"count":154,"href":"https:\/\/www.maximerochat.ch\/chalet\/wp-json\/wp\/v2\/pages\/396\/revisions"}],"predecessor-version":[{"id":795,"href":"https:\/\/www.maximerochat.ch\/chalet\/wp-json\/wp\/v2\/pages\/396\/revisions\/795"}],"wp:attachment":[{"href":"https:\/\/www.maximerochat.ch\/chalet\/wp-json\/wp\/v2\/media?parent=396"}],"curies":[{"name":"wp","href":"https:\/\/api.w.org\/{rel}","templated":true}]}}